{"id":13952,"date":"2024-10-31T20:46:53","date_gmt":"2024-10-31T20:46:53","guid":{"rendered":"https:\/\/victoriaminoldo.com.ar\/?page_id=13952"},"modified":"2024-11-06T18:58:35","modified_gmt":"2024-11-06T18:58:35","slug":"recursos","status":"publish","type":"page","link":"https:\/\/victoriaminoldo.com.ar\/index.php\/recursos\/","title":{"rendered":"Recursos"},"content":{"rendered":"\t\t<div data-elementor-type=\"wp-page\" data-elementor-id=\"13952\" class=\"elementor elementor-13952\">\n\t\t\t\t\t\t\t\t\t<section class=\"wd-negative-gap elementor-section elementor-top-section elementor-element elementor-element-8817e4d elementor-section-boxed elementor-section-height-default elementor-section-height-default wd-section-disabled exad-glass-effect-no exad-sticky-section-no\" data-id=\"8817e4d\" data-element_type=\"section\">\n\t\t\t\t\t\t<div class=\"elementor-container elementor-column-gap-default\">\n\t\t\t\t\t<div class=\"elementor-column elementor-col-100 elementor-top-column elementor-element elementor-element-20e66d8 exad-glass-effect-no exad-sticky-section-no\" data-id=\"20e66d8\" data-element_type=\"column\">\n\t\t\t<div class=\"elementor-widget-wrap elementor-element-populated\">\n\t\t\t\t\t\t\t\t\t<\/div>\n\t\t<\/div>\n\t\t\t\t\t\t\t<\/div>\n\t\t<\/section>\n\t\t\t\t<section class=\"wd-negative-gap elementor-section elementor-top-section elementor-element elementor-element-96593c1 elementor-section-boxed elementor-section-height-default elementor-section-height-default wd-section-disabled exad-glass-effect-no exad-sticky-section-no\" data-id=\"96593c1\" data-element_type=\"section\">\n\t\t\t\t\t\t<div class=\"elementor-container elementor-column-gap-default\">\n\t\t\t\t\t<div class=\"elementor-column elementor-col-100 elementor-top-column elementor-element elementor-element-92cc903 exad-glass-effect-no exad-sticky-section-no\" data-id=\"92cc903\" data-element_type=\"column\">\n\t\t\t<div class=\"elementor-widget-wrap elementor-element-populated\">\n\t\t\t\t\t\t\t\t<div class=\"elementor-element elementor-element-8bba8b1 exad-sticky-section-no exad-glass-effect-no elementor-widget elementor-widget-wd_products\" data-id=\"8bba8b1\" data-element_type=\"widget\" data-widget_type=\"wd_products.default\">\n\t\t\t\t<div class=\"elementor-widget-container\">\n\t\t\t\t\t\t\t\t<div class=\"wd-products-element\">\n\n\t\t\t\n\t\t\t\n\t\t\t\n\t\t\t<div class=\"products elements-grid row wd-products-holder pagination-infinit elements-list align-items-start\" data-paged=\"1\" data-atts=\"{&quot;element_title&quot;:&quot;&quot;,&quot;title_alignment&quot;:&quot;left&quot;,&quot;query_post_type&quot;:&quot;product&quot;,&quot;post_type&quot;:&quot;product&quot;,&quot;include&quot;:null,&quot;taxonomies&quot;:[&quot;93&quot;,&quot;94&quot;],&quot;offset&quot;:&quot;&quot;,&quot;orderby&quot;:&quot;date&quot;,&quot;query_type&quot;:&quot;OR&quot;,&quot;order&quot;:null,&quot;meta_key&quot;:null,&quot;exclude&quot;:&quot;&quot;,&quot;shop_tools&quot;:null,&quot;hide_out_of_stock&quot;:&quot;no&quot;,&quot;ajax_recently_viewed&quot;:null,&quot;speed&quot;:null,&quot;slides_per_view&quot;:null,&quot;slides_per_view_tablet&quot;:{&quot;size&quot;:&quot;&quot;},&quot;slides_per_view_mobile&quot;:{&quot;size&quot;:&quot;&quot;},&quot;wrap&quot;:null,&quot;autoplay&quot;:null,&quot;center_mode&quot;:null,&quot;hide_pagination_control&quot;:null,&quot;hide_prev_next_buttons&quot;:null,&quot;scroll_per_page&quot;:null,&quot;layout&quot;:&quot;list&quot;,&quot;pagination&quot;:&quot;infinit&quot;,&quot;items_per_page&quot;:10,&quot;spacing&quot;:&quot;30&quot;,&quot;columns&quot;:null,&quot;columns_tablet&quot;:{&quot;size&quot;:&quot;&quot;},&quot;columns_mobile&quot;:{&quot;size&quot;:&quot;&quot;},&quot;products_masonry&quot;:null,&quot;products_different_sizes&quot;:null,&quot;product_quantity&quot;:&quot;&quot;,&quot;product_hover&quot;:null,&quot;sale_countdown&quot;:&quot;0&quot;,&quot;stretch_product&quot;:null,&quot;stretch_product_tablet&quot;:0,&quot;stretch_product_mobile&quot;:0,&quot;stock_progress_bar&quot;:&quot;0&quot;,&quot;highlighted_products&quot;:&quot;0&quot;,&quot;products_bordered_grid&quot;:&quot;0&quot;,&quot;products_bordered_grid_style&quot;:null,&quot;products_with_background&quot;:&quot;0&quot;,&quot;products_shadow&quot;:&quot;0&quot;,&quot;products_color_scheme&quot;:&quot;default&quot;,&quot;img_size&quot;:&quot;large&quot;,&quot;img_size_custom&quot;:null,&quot;grid_gallery&quot;:&quot;&quot;,&quot;grid_gallery_control&quot;:null,&quot;grid_gallery_enable_arrows&quot;:null,&quot;ajax_page&quot;:&quot;&quot;,&quot;force_not_ajax&quot;:&quot;no&quot;,&quot;lazy_loading&quot;:&quot;no&quot;,&quot;scroll_carousel_init&quot;:null,&quot;custom_sizes&quot;:false,&quot;elementor&quot;:true}\" data-source=\"shortcode\" data-columns=\"\" data-grid-gallery=\"\">\n\t\t\n\t\t\n\t\t\t\t\t\t\t\t<div class=\"product-grid-item wd-with-labels product product-list-item  col-lg-12 col-md-12 col-12 first  last  type-product post-13970 status-publish instock product_cat-coaching-de-imagen product_cat-ebook product_cat-recursos product_tag-coaching product_tag-ebook product_tag-estilo has-post-thumbnail sale downloadable virtual sold-individually purchasable product-type-simple\" data-loop=\"1\" data-id=\"13970\">\n\t\n\t\n\t<div class=\"product-wrapper\">\n\t\t<div class=\"product-element-top wd-quick-shop\">\n\t\t\t<a href=\"https:\/\/victoriaminoldo.com.ar\/index.php\/product\/ebook-estilo-con-alma\/\" class=\"product-image-link\">\n\t\t\t\t<img width=\"724\" height=\"1024\" src=\"https:\/\/victoriaminoldo.com.ar\/wp-content\/uploads\/2024\/11\/portada-estilo-con-alma-724x1024.webp\" class=\"attachment-large size-large\" alt=\"Portada de ebook Estilo con Alma\" decoding=\"async\" srcset=\"https:\/\/victoriaminoldo.com.ar\/wp-content\/uploads\/2024\/11\/portada-estilo-con-alma-724x1024.webp 724w, https:\/\/victoriaminoldo.com.ar\/wp-content\/uploads\/2024\/11\/portada-estilo-con-alma-212x300.webp 212w, https:\/\/victoriaminoldo.com.ar\/wp-content\/uploads\/2024\/11\/portada-estilo-con-alma-768x1086.webp 768w, https:\/\/victoriaminoldo.com.ar\/wp-content\/uploads\/2024\/11\/portada-estilo-con-alma-1086x1536.webp 1086w, https:\/\/victoriaminoldo.com.ar\/wp-content\/uploads\/2024\/11\/portada-estilo-con-alma-1200x1697.webp 1200w, https:\/\/victoriaminoldo.com.ar\/wp-content\/uploads\/2024\/11\/portada-estilo-con-alma-150x212.webp 150w, https:\/\/victoriaminoldo.com.ar\/wp-content\/uploads\/2024\/11\/portada-estilo-con-alma.webp 1414w\" sizes=\"(max-width: 724px) 100vw, 724px\" \/>\t\t\t<\/a>\n\n\t\t\t\n\t\t\t<div class=\"wd-buttons wd-pos-r-t\">\n\t\t\t\t\t\t\t\t\t\t<div class=\"quick-view wd-action-btn wd-style-icon wd-quick-view-icon\">\n\t\t\t<a\n\t\t\t\thref=\"https:\/\/victoriaminoldo.com.ar\/index.php\/product\/ebook-estilo-con-alma\/\"\n\t\t\t\tclass=\"open-quick-view quick-view-button\"\n\t\t\t\trel=\"nofollow\"\n\t\t\t\tdata-id=\"13970\"\n\t\t\t\t>Ver<\/a>\n\t\t<\/div>\n\t\t\t\t\t\t\t\t\t\t\t\t\t<\/div>\n\t\t<\/div>\n\n\t\t<div class=\"product-list-content wd-scroll\">\n\t\t\t\t\t\t\t\t\t\t\t\t\t\t\t\n\t<span class=\"price\"><del aria-hidden=\"true\"><span class=\"woocommerce-Price-amount amount\"><bdi><span class=\"woocommerce-Price-currencySymbol\">&#36;<\/span>&nbsp;24.000,00<\/bdi><\/span><\/del> <ins><span class=\"woocommerce-Price-amount amount\"><bdi><span class=\"woocommerce-Price-currencySymbol\">&#36;<\/span>&nbsp;20.000,00<\/bdi><\/span><\/ins><\/span>\n\t\t\t\t\t\t<div class=\"woocommerce-product-details__short-description\">\n\t<p>Te invito a explorar una forma \u00fanica de construir tu estilo personal a trav\u00e9s de esta una gu\u00eda que no s\u00f3lo te ayudar\u00e1 a definir c\u00f3mo quer\u00e9s verte, sino a nutrir tu guardarropa con una mirada consciente y sustentable.<\/p>\n<\/div>\n\t\t\t\n\t\t\t\n\t\t\t\n\t\t\t<div class=\"wd-add-btn wd-add-btn-replace\">\n\t\t\t\t\n\t\t\t\t<a href=\"?add-to-cart=13970\" data-quantity=\"1\" class=\"button wp-element-button product_type_simple add_to_cart_button ajax_add_to_cart add-to-cart-loop\" data-product_id=\"13970\" data-product_sku=\"\" aria-label=\"A\u00f1ade &ldquo;Ebook: Estilo con Alma&rdquo; a tu carrito\" rel=\"nofollow\"><span>A\u00f1adir al carrito<\/span><\/a>\t\t\t<\/div>\n\n\t\t\t\t\t<\/div>\n\t<\/div>\n<\/div>\n\t\t\t\t\t\t\t\t<div class=\"product-grid-item product product-list-item  col-lg-12 col-md-12 col-12 first  last  type-product post-13956 status-publish instock product_cat-coaching-de-imagen product_cat-gratis product_cat-recursos product_tag-ebook product_tag-gratis has-post-thumbnail downloadable virtual sold-individually purchasable product-type-simple\" data-loop=\"2\" data-id=\"13956\">\n\t\n\t\n\t<div class=\"product-wrapper\">\n\t\t<div class=\"product-element-top wd-quick-shop\">\n\t\t\t<a href=\"https:\/\/victoriaminoldo.com.ar\/index.php\/product\/ebook-pilares-de-estilo-consciente\/\" class=\"product-image-link\">\n\t\t\t\t<img width=\"724\" height=\"1024\" src=\"https:\/\/victoriaminoldo.com.ar\/wp-content\/uploads\/2024\/10\/ebook-pilares-portada-724x1024.webp\" class=\"attachment-large size-large\" alt=\"\" decoding=\"async\" srcset=\"https:\/\/victoriaminoldo.com.ar\/wp-content\/uploads\/2024\/10\/ebook-pilares-portada-724x1024.webp 724w, https:\/\/victoriaminoldo.com.ar\/wp-content\/uploads\/2024\/10\/ebook-pilares-portada-212x300.webp 212w, https:\/\/victoriaminoldo.com.ar\/wp-content\/uploads\/2024\/10\/ebook-pilares-portada-768x1086.webp 768w, https:\/\/victoriaminoldo.com.ar\/wp-content\/uploads\/2024\/10\/ebook-pilares-portada-1086x1536.webp 1086w, https:\/\/victoriaminoldo.com.ar\/wp-content\/uploads\/2024\/10\/ebook-pilares-portada-1200x1697.webp 1200w, https:\/\/victoriaminoldo.com.ar\/wp-content\/uploads\/2024\/10\/ebook-pilares-portada-150x212.webp 150w, https:\/\/victoriaminoldo.com.ar\/wp-content\/uploads\/2024\/10\/ebook-pilares-portada.webp 1414w\" sizes=\"(max-width: 724px) 100vw, 724px\" \/>\t\t\t<\/a>\n\n\t\t\t\n\t\t\t<div class=\"wd-buttons wd-pos-r-t\">\n\t\t\t\t\t\t\t\t\t\t<div class=\"quick-view wd-action-btn wd-style-icon wd-quick-view-icon\">\n\t\t\t<a\n\t\t\t\thref=\"https:\/\/victoriaminoldo.com.ar\/index.php\/product\/ebook-pilares-de-estilo-consciente\/\"\n\t\t\t\tclass=\"open-quick-view quick-view-button\"\n\t\t\t\trel=\"nofollow\"\n\t\t\t\tdata-id=\"13956\"\n\t\t\t\t>Ver<\/a>\n\t\t<\/div>\n\t\t\t\t\t\t\t\t\t\t\t\t\t<\/div>\n\t\t<\/div>\n\n\t\t<div class=\"product-list-content wd-scroll\">\n\t\t\t\t\t\t\t\t\t\t\t\t\t\t\t\n\t<span class=\"price\"><span class=\"woocommerce-Price-amount amount\"><bdi><span class=\"woocommerce-Price-currencySymbol\">&#36;<\/span>&nbsp;0,00<\/bdi><\/span><\/span>\n\t\t\t\t\t\t<div class=\"woocommerce-product-details__short-description\">\n\t<p>Este <strong>ebook gratuito<\/strong> est\u00e1 pensado para ayudarte a descubrir y profundizar en esos aspectos esenciales que componen y sostienen tu estilo de manera coherente, aut\u00e9ntica y sustentable.<\/p>\n<\/div>\n\t\t\t\n\t\t\t\n\t\t\t\n\t\t\t<div class=\"wd-add-btn wd-add-btn-replace\">\n\t\t\t\t\n\t\t\t\t<a href=\"?add-to-cart=13956\" data-quantity=\"1\" class=\"button wp-element-button product_type_simple add_to_cart_button ajax_add_to_cart add-to-cart-loop\" data-product_id=\"13956\" data-product_sku=\"\" aria-label=\"A\u00f1ade &ldquo;Ebook: Pilares de estilo consciente&rdquo; a tu carrito\" rel=\"nofollow\"><span>A\u00f1adir al carrito<\/span><\/a>\t\t\t<\/div>\n\n\t\t\t\t\t<\/div>\n\t<\/div>\n<\/div>\n\t\t\t\t\t\t\t\t<div class=\"product-grid-item product product-list-item  col-lg-12 col-md-12 col-12 first  last  type-product post-13366 status-publish last instock product_cat-coaching-de-imagen product_cat-gratis product_cat-recursos product_tag-ebook product_tag-gratis has-post-thumbnail downloadable virtual sold-individually purchasable product-type-simple\" data-loop=\"3\" data-id=\"13366\">\n\t\n\t\n\t<div class=\"product-wrapper\">\n\t\t<div class=\"product-element-top wd-quick-shop\">\n\t\t\t<a href=\"https:\/\/victoriaminoldo.com.ar\/index.php\/product\/ebook-detox-de-closet\/\" class=\"product-image-link\">\n\t\t\t\t<img width=\"444\" height=\"667\" src=\"https:\/\/victoriaminoldo.com.ar\/wp-content\/uploads\/2022\/11\/tapaebook-detox-min.png\" class=\"attachment-large size-large\" alt=\"ebook\" decoding=\"async\" srcset=\"https:\/\/victoriaminoldo.com.ar\/wp-content\/uploads\/2022\/11\/tapaebook-detox-min.png 444w, https:\/\/victoriaminoldo.com.ar\/wp-content\/uploads\/2022\/11\/tapaebook-detox-min-200x300.png 200w, https:\/\/victoriaminoldo.com.ar\/wp-content\/uploads\/2022\/11\/tapaebook-detox-min-150x225.png 150w\" sizes=\"(max-width: 444px) 100vw, 444px\" \/>\t\t\t<\/a>\n\n\t\t\t\n\t\t\t<div class=\"wd-buttons wd-pos-r-t\">\n\t\t\t\t\t\t\t\t\t\t<div class=\"quick-view wd-action-btn wd-style-icon wd-quick-view-icon\">\n\t\t\t<a\n\t\t\t\thref=\"https:\/\/victoriaminoldo.com.ar\/index.php\/product\/ebook-detox-de-closet\/\"\n\t\t\t\tclass=\"open-quick-view quick-view-button\"\n\t\t\t\trel=\"nofollow\"\n\t\t\t\tdata-id=\"13366\"\n\t\t\t\t>Ver<\/a>\n\t\t<\/div>\n\t\t\t\t\t\t\t\t\t\t\t\t\t<\/div>\n\t\t<\/div>\n\n\t\t<div class=\"product-list-content wd-scroll\">\n\t\t\t\t\t\t\t\t\t\t\t\t\t\t\t\n\t<span class=\"price\"><span class=\"woocommerce-Price-amount amount\"><bdi><span class=\"woocommerce-Price-currencySymbol\">&#36;<\/span>&nbsp;0,00<\/bdi><\/span><\/span>\n\t\t\t\t\t\t<div class=\"woocommerce-product-details__short-description\">\n\t<p>A trav\u00e9s de este <strong>ebook gratuito<\/strong> quiero ayudarte a poner orden en tu armario y en tu mente.\u00a0Te invito a regalarte la oportunidad de sentirte m\u00e1s liviana, ser m\u00e1s pr\u00e1ctica y vestirte en menos tiempo.<\/p>\n<\/div>\n\t\t\t\n\t\t\t\n\t\t\t\n\t\t\t<div class=\"wd-add-btn wd-add-btn-replace\">\n\t\t\t\t\n\t\t\t\t<a href=\"?add-to-cart=13366\" data-quantity=\"1\" class=\"button wp-element-button product_type_simple add_to_cart_button ajax_add_to_cart add-to-cart-loop\" data-product_id=\"13366\" data-product_sku=\"\" aria-label=\"A\u00f1ade &ldquo;Ebook: Detox de Closet&rdquo; a tu carrito\" rel=\"nofollow\"><span>A\u00f1adir al carrito<\/span><\/a>\t\t\t<\/div>\n\n\t\t\t\t\t<\/div>\n\t<\/div>\n<\/div>\n\t\t\n\t\t\t\t<\/div>\n\t\n\t\t\n\t\t\n\t\t\t\t\t<\/div>\n\t\t\n\t\t\t\t<\/div>\n\t\t\t\t<\/div>\n\t\t\t\t\t<\/div>\n\t\t<\/div>\n\t\t\t\t\t\t\t<\/div>\n\t\t<\/section>\n\t\t\t\t\t\t\t<\/div>\n\t\t","protected":false},"excerpt":{"rendered":"<p>Ver Ebook: Estilo con Alma &#36;&nbsp;15.000,00 Te invito a explorar una forma \u00fanica de construir tu estilo personal a trav\u00e9s<\/p>\n","protected":false},"author":3,"featured_media":0,"parent":0,"menu_order":0,"comment_status":"closed","ping_status":"closed","template":"","meta":[],"aioseo_notices":[],"_links":{"self":[{"href":"https:\/\/victoriaminoldo.com.ar\/index.php\/wp-json\/wp\/v2\/pages\/13952"}],"collection":[{"href":"https:\/\/victoriaminoldo.com.ar\/index.php\/wp-json\/wp\/v2\/pages"}],"about":[{"href":"https:\/\/victoriaminoldo.com.ar\/index.php\/wp-json\/wp\/v2\/types\/page"}],"author":[{"embeddable":true,"href":"https:\/\/victoriaminoldo.com.ar\/index.php\/wp-json\/wp\/v2\/users\/3"}],"replies":[{"embeddable":true,"href":"https:\/\/victoriaminoldo.com.ar\/index.php\/wp-json\/wp\/v2\/comments?post=13952"}],"version-history":[{"count":11,"href":"https:\/\/victoriaminoldo.com.ar\/index.php\/wp-json\/wp\/v2\/pages\/13952\/revisions"}],"predecessor-version":[{"id":13984,"href":"https:\/\/victoriaminoldo.com.ar\/index.php\/wp-json\/wp\/v2\/pages\/13952\/revisions\/13984"}],"wp:attachment":[{"href":"https:\/\/victoriaminoldo.com.ar\/index.php\/wp-json\/wp\/v2\/media?parent=13952"}],"curies":[{"name":"wp","href":"https:\/\/api.w.org\/{rel}","templated":true}]}}